{"id":366,"date":"2023-02-05T11:42:18","date_gmt":"2023-02-05T11:42:18","guid":{"rendered":"https:\/\/beziehungsweise-systemisch.com\/?page_id=366"},"modified":"2023-02-08T19:14:26","modified_gmt":"2023-02-08T19:14:26","slug":"zielgruppen","status":"publish","type":"page","link":"https:\/\/beziehungsweise-systemisch.com\/?page_id=366","title":{"rendered":"Zielgruppen"},"content":{"rendered":"<h1><strong>F\u00fcr wen kann eine systemische Beratung hilfreich sein?<\/strong><\/h1>\n<p>&nbsp;<\/p>\n<h3>Einzelpersonen<img loading=\"lazy\" decoding=\"async\" class=\"wp-image-527 alignleft\" src=\"https:\/\/beziehungsweise-systemisch.com\/wp-content\/uploads\/2023\/02\/deckchair-343265_1920-schatten2-249x300.jpg\" alt=\"\" width=\"160\" height=\"193\" srcset=\"https:\/\/beziehungsweise-systemisch.com\/wp-content\/uploads\/2023\/02\/deckchair-343265_1920-schatten2-249x300.jpg 249w, https:\/\/beziehungsweise-systemisch.com\/wp-content\/uploads\/2023\/02\/deckchair-343265_1920-schatten2-850x1024.jpg 850w, https:\/\/beziehungsweise-systemisch.com\/wp-content\/uploads\/2023\/02\/deckchair-343265_1920-schatten2-768x926.jpg 768w, https:\/\/beziehungsweise-systemisch.com\/wp-content\/uploads\/2023\/02\/deckchair-343265_1920-schatten2-1274x1536.jpg 1274w, https:\/\/beziehungsweise-systemisch.com\/wp-content\/uploads\/2023\/02\/deckchair-343265_1920-schatten2.jpg 1286w\" sizes=\"auto, (max-width: 160px) 100vw, 160px\" \/><\/h3>\n<ul>\n<li>wenn es Konflikte im privaten oder beruflichen Bereich gibt<\/li>\n<li>wenn Sie den Wunsch nach Ver\u00e4nderung im privaten oder beruflichen Leben haben<\/li>\n<li>wenn Sie alte Themen oder st\u00f6rende Verhaltensmuster in Angriff nehmen m\u00f6chten<\/li>\n<li>wenn Sie sich Unterst\u00fctzung bei einer Krise oder einem Problem w\u00fcnschen<\/li>\n<\/ul>\n<h3><\/h3>\n<p>&nbsp;<\/p>\n<h3>Paare<img loading=\"lazy\" decoding=\"async\" class=\"wp-image-515 alignleft\" src=\"https:\/\/beziehungsweise-systemisch.com\/wp-content\/uploads\/2023\/02\/vacations-2109648_1920-schatten-300x211.jpg\" alt=\"\" width=\"208\" height=\"146\" srcset=\"https:\/\/beziehungsweise-systemisch.com\/wp-content\/uploads\/2023\/02\/vacations-2109648_1920-schatten-300x211.jpg 300w, https:\/\/beziehungsweise-systemisch.com\/wp-content\/uploads\/2023\/02\/vacations-2109648_1920-schatten-1024x719.jpg 1024w, https:\/\/beziehungsweise-systemisch.com\/wp-content\/uploads\/2023\/02\/vacations-2109648_1920-schatten-768x539.jpg 768w, https:\/\/beziehungsweise-systemisch.com\/wp-content\/uploads\/2023\/02\/vacations-2109648_1920-schatten-1536x1079.jpg 1536w, https:\/\/beziehungsweise-systemisch.com\/wp-content\/uploads\/2023\/02\/vacations-2109648_1920-schatten.jpg 1808w\" sizes=\"auto, (max-width: 208px) 100vw, 208px\" \/><\/h3>\n<ul>\n<li>wenn eigene L\u00f6sungsversuche nicht mehr greifen bei Schwierigkeiten oder Krise<\/li>\n<li>wenn Sie aktuelle Konflikte oder alte Verletzungen \u201eauf neutralem Boden\u201c angehen m\u00f6chten<\/li>\n<li>wenn Sie einen neuen Anfang oder ein gutes Ende finden m\u00f6chten<\/li>\n<li>wenn Sie Achtsamkeit mit sich selbst und dem Anderen \u00fcben m\u00f6chten<\/li>\n<\/ul>\n<h3><\/h3>\n<p>&nbsp;<\/p>\n<h3>Familien<img loading=\"lazy\" decoding=\"async\" class=\"wp-image-517 alignleft\" src=\"https:\/\/beziehungsweise-systemisch.com\/wp-content\/uploads\/2023\/02\/beach-814679_1920-schatten-300x191.jpg\" alt=\"\" width=\"221\" height=\"141\" srcset=\"https:\/\/beziehungsweise-systemisch.com\/wp-content\/uploads\/2023\/02\/beach-814679_1920-schatten-300x191.jpg 300w, https:\/\/beziehungsweise-systemisch.com\/wp-content\/uploads\/2023\/02\/beach-814679_1920-schatten-1024x651.jpg 1024w, https:\/\/beziehungsweise-systemisch.com\/wp-content\/uploads\/2023\/02\/beach-814679_1920-schatten-768x488.jpg 768w, https:\/\/beziehungsweise-systemisch.com\/wp-content\/uploads\/2023\/02\/beach-814679_1920-schatten-1536x976.jpg 1536w, https:\/\/beziehungsweise-systemisch.com\/wp-content\/uploads\/2023\/02\/beach-814679_1920-schatten.jpg 1873w\" sizes=\"auto, (max-width: 221px) 100vw, 221px\" \/><\/h3>\n<ul>\n<li>wenn Sie sich als Eltern unsicher sind oder Sorgen um ihr\/e Kind\/er machen<\/li>\n<li>wenn Sie Unterst\u00fctzung beim Abl\u00f6seprozess ben\u00f6tigen<\/li>\n<li>wenn es Konflikte gibt zwischen Eltern und Kindern<\/li>\n<li>wenn Ver\u00e4nderungen bevorstehen innerhalb der Familie<\/li>\n<\/ul>\n","protected":false},"excerpt":{"rendered":"<p>F\u00fcr wen kann eine systemische Beratung hilfreich sein?<\/p>\n","protected":false},"author":1,"featured_media":495,"parent":0,"menu_order":0,"comment_status":"closed","ping_status":"closed","template":"","meta":{"footnotes":""},"class_list":["post-366","page","type-page","status-publish","has-post-thumbnail","hentry"],"_links":{"self":[{"href":"https:\/\/beziehungsweise-systemisch.com\/index.php?rest_route=\/wp\/v2\/pages\/366","targetHints":{"allow":["GET"]}}],"collection":[{"href":"https:\/\/beziehungsweise-systemisch.com\/index.php?rest_route=\/wp\/v2\/pages"}],"about":[{"href":"https:\/\/beziehungsweise-systemisch.com\/index.php?rest_route=\/wp\/v2\/types\/page"}],"author":[{"embeddable":true,"href":"https:\/\/beziehungsweise-systemisch.com\/index.php?rest_route=\/wp\/v2\/users\/1"}],"replies":[{"embeddable":true,"href":"https:\/\/beziehungsweise-systemisch.com\/index.php?rest_route=%2Fwp%2Fv2%2Fcomments&post=366"}],"version-history":[{"count":11,"href":"https:\/\/beziehungsweise-systemisch.com\/index.php?rest_route=\/wp\/v2\/pages\/366\/revisions"}],"predecessor-version":[{"id":531,"href":"https:\/\/beziehungsweise-systemisch.com\/index.php?rest_route=\/wp\/v2\/pages\/366\/revisions\/531"}],"wp:featuredmedia":[{"embeddable":true,"href":"https:\/\/beziehungsweise-systemisch.com\/index.php?rest_route=\/wp\/v2\/media\/495"}],"wp:attachment":[{"href":"https:\/\/beziehungsweise-systemisch.com\/index.php?rest_route=%2Fwp%2Fv2%2Fmedia&parent=366"}],"curies":[{"name":"wp","href":"https:\/\/api.w.org\/{rel}","templated":true}]}}

<h1><strong>Für wen kann eine systemische Beratung hilfreich sein?</strong></h1>
<p>&nbsp;</p>
<h3>Einzelpersonen<img loading="lazy" decoding="async" class="wp-image-527 alignleft" src="https://beziehungsweise-systemisch.com/wp-content/uploads/2023/02/deckchair-343265_1920-schatten2-249x300.jpg" alt="" width="160" height="193" srcset="https://beziehungsweise-systemisch.com/wp-content/uploads/2023/02/deckchair-343265_1920-schatten2-249x300.jpg 249w, https://beziehungsweise-systemisch.com/wp-content/uploads/2023/02/deckchair-343265_1920-schatten2-850x1024.jpg 850w, https://beziehungsweise-systemisch.com/wp-content/uploads/2023/02/deckchair-343265_1920-schatten2-768x926.jpg 768w, https://beziehungsweise-systemisch.com/wp-content/uploads/2023/02/deckchair-343265_1920-schatten2-1274x1536.jpg 1274w, https://beziehungsweise-systemisch.com/wp-content/uploads/2023/02/deckchair-343265_1920-schatten2.jpg 1286w" sizes="auto, (max-width: 160px) 100vw, 160px" /></h3>
<ul>
<li>wenn es Konflikte im privaten oder beruflichen Bereich gibt</li>
<li>wenn Sie den Wunsch nach Veränderung im privaten oder beruflichen Leben haben</li>
<li>wenn Sie alte Themen oder störende Verhaltensmuster in Angriff nehmen möchten</li>
<li>wenn Sie sich Unterstützung bei einer Krise oder einem Problem wünschen</li>
</ul>
<h3></h3>
<p>&nbsp;</p>
<h3>Paare<img loading="lazy" decoding="async" class="wp-image-515 alignleft" src="https://beziehungsweise-systemisch.com/wp-content/uploads/2023/02/vacations-2109648_1920-schatten-300x211.jpg" alt="" width="208" height="146" srcset="https://beziehungsweise-systemisch.com/wp-content/uploads/2023/02/vacations-2109648_1920-schatten-300x211.jpg 300w, https://beziehungsweise-systemisch.com/wp-content/uploads/2023/02/vacations-2109648_1920-schatten-1024x719.jpg 1024w, https://beziehungsweise-systemisch.com/wp-content/uploads/2023/02/vacations-2109648_1920-schatten-768x539.jpg 768w, https://beziehungsweise-systemisch.com/wp-content/uploads/2023/02/vacations-2109648_1920-schatten-1536x1079.jpg 1536w, https://beziehungsweise-systemisch.com/wp-content/uploads/2023/02/vacations-2109648_1920-schatten.jpg 1808w" sizes="auto, (max-width: 208px) 100vw, 208px" /></h3>
<ul>
<li>wenn eigene Lösungsversuche nicht mehr greifen bei Schwierigkeiten oder Krise</li>
<li>wenn Sie aktuelle Konflikte oder alte Verletzungen „auf neutralem Boden“ angehen möchten</li>
<li>wenn Sie einen neuen Anfang oder ein gutes Ende finden möchten</li>
<li>wenn Sie Achtsamkeit mit sich selbst und dem Anderen üben möchten</li>
</ul>
<h3></h3>
<p>&nbsp;</p>
<h3>Familien<img loading="lazy" decoding="async" class="wp-image-517 alignleft" src="https://beziehungsweise-systemisch.com/wp-content/uploads/2023/02/beach-814679_1920-schatten-300x191.jpg" alt="" width="221" height="141" srcset="https://beziehungsweise-systemisch.com/wp-content/uploads/2023/02/beach-814679_1920-schatten-300x191.jpg 300w, https://beziehungsweise-systemisch.com/wp-content/uploads/2023/02/beach-814679_1920-schatten-1024x651.jpg 1024w, https://beziehungsweise-systemisch.com/wp-content/uploads/2023/02/beach-814679_1920-schatten-768x488.jpg 768w, https://beziehungsweise-systemisch.com/wp-content/uploads/2023/02/beach-814679_1920-schatten-1536x976.jpg 1536w, https://beziehungsweise-systemisch.com/wp-content/uploads/2023/02/beach-814679_1920-schatten.jpg 1873w" sizes="auto, (max-width: 221px) 100vw, 221px" /></h3>
<ul>
<li>wenn Sie sich als Eltern unsicher sind oder Sorgen um ihr/e Kind/er machen</li>
<li>wenn Sie Unterstützung beim Ablöseprozess benötigen</li>
<li>wenn es Konflikte gibt zwischen Eltern und Kindern</li>
<li>wenn Veränderungen bevorstehen innerhalb der Familie</li>
</ul>

<p>Für wen kann eine systemische Beratung hilfreich sein?</p>
