{"id":339,"date":"2023-02-05T11:27:16","date_gmt":"2023-02-05T11:27:16","guid":{"rendered":"https:\/\/beziehungsweise-systemisch.com\/?page_id=339"},"modified":"2023-02-08T19:16:10","modified_gmt":"2023-02-08T19:16:10","slug":"grundhaltungen","status":"publish","type":"page","link":"https:\/\/beziehungsweise-systemisch.com\/?page_id=339","title":{"rendered":"Grundhaltungen"},"content":{"rendered":"<h2 style=\"text-align: left;\"><strong>L\u00f6sungsorientierung<img loading=\"lazy\" decoding=\"async\" class=\"size-medium wp-image-486 alignright\" src=\"https:\/\/beziehungsweise-systemisch.com\/wp-content\/uploads\/2023\/02\/compass-quadratisch_2-300x291.jpg\" alt=\"\" width=\"300\" height=\"291\" srcset=\"https:\/\/beziehungsweise-systemisch.com\/wp-content\/uploads\/2023\/02\/compass-quadratisch_2-300x291.jpg 300w, https:\/\/beziehungsweise-systemisch.com\/wp-content\/uploads\/2023\/02\/compass-quadratisch_2-1024x992.jpg 1024w, https:\/\/beziehungsweise-systemisch.com\/wp-content\/uploads\/2023\/02\/compass-quadratisch_2-768x744.jpg 768w, https:\/\/beziehungsweise-systemisch.com\/wp-content\/uploads\/2023\/02\/compass-quadratisch_2.jpg 1344w\" sizes=\"auto, (max-width: 300px) 100vw, 300px\" \/><\/strong><\/h2>\n<p style=\"text-align: left;\">Der Schwerpunkt in der Beratung liegt nicht auf der Erforschung von Ursachen, sondern auf der Suche nach L\u00f6sungsm\u00f6glichkeiten. Durch Erweiterung der Perspektive und Unterst\u00fctzung bei der Vergr\u00f6\u00dferung des Handlungsspielraums soll die Beratung Hilfe zur Selbsthilfe sein.<\/p>\n<h2><strong>Ressourcenorientierung<\/strong><\/h2>\n<p>Ausgehend von der Annahme, dass jeder Mensch \u00fcber Ressourcen, St\u00e4rken, Kompetenzen und F\u00e4higkeiten verf\u00fcgt, konzentriert sich die systemische Beratung gezielt auf die (Wieder-) Entdeckung dieser f\u00fcr die L\u00f6sung notwendigen St\u00e4rken und F\u00e4higkeiten.<\/p>\n<h2><strong>Kontextorientierung<\/strong><\/h2>\n<p>Jedes menschliche Verhalten geschieht in einem bestimmten Kontext, in Bezug auf andere Menschen, im Rahmen von Beziehungen. Menschen beeinflussen sich in ihrem Verhalten ganz automatisch gegenseitig \u2013 sei es durch Mimik, Gestik oder den Tonfall. Wir reagieren bewusst oder auch unbewusst aufeinander. Deshalb ist es in der systemischen Beratung wichtig, ein Thema oder Problem in seinem gesamten Kontext zu betrachten.<\/p>\n<h2><strong>Wertsch\u00e4tzung<\/strong><\/h2>\n<p>Jeder Mensch hat das Recht auf Respekt und Wertsch\u00e4tzung. Die systemische Beratung zeichnet sich durch eine Grundhaltung aus, in der die Grenzen der Beteiligten respektiert und geachtet werden und wohlwollend-wertsch\u00e4tzend miteinander umgegangen wird. Jede Sichtweise verdient Respekt und ist wichtig.<\/p>\n","protected":false},"excerpt":{"rendered":"<p>Grundhaltungen<\/p>\n","protected":false},"author":1,"featured_media":451,"parent":0,"menu_order":0,"comment_status":"closed","ping_status":"closed","template":"","meta":{"footnotes":""},"class_list":["post-339","page","type-page","status-publish","has-post-thumbnail","hentry"],"_links":{"self":[{"href":"https:\/\/beziehungsweise-systemisch.com\/index.php?rest_route=\/wp\/v2\/pages\/339","targetHints":{"allow":["GET"]}}],"collection":[{"href":"https:\/\/beziehungsweise-systemisch.com\/index.php?rest_route=\/wp\/v2\/pages"}],"about":[{"href":"https:\/\/beziehungsweise-systemisch.com\/index.php?rest_route=\/wp\/v2\/types\/page"}],"author":[{"embeddable":true,"href":"https:\/\/beziehungsweise-systemisch.com\/index.php?rest_route=\/wp\/v2\/users\/1"}],"replies":[{"embeddable":true,"href":"https:\/\/beziehungsweise-systemisch.com\/index.php?rest_route=%2Fwp%2Fv2%2Fcomments&post=339"}],"version-history":[{"count":12,"href":"https:\/\/beziehungsweise-systemisch.com\/index.php?rest_route=\/wp\/v2\/pages\/339\/revisions"}],"predecessor-version":[{"id":532,"href":"https:\/\/beziehungsweise-systemisch.com\/index.php?rest_route=\/wp\/v2\/pages\/339\/revisions\/532"}],"wp:featuredmedia":[{"embeddable":true,"href":"https:\/\/beziehungsweise-systemisch.com\/index.php?rest_route=\/wp\/v2\/media\/451"}],"wp:attachment":[{"href":"https:\/\/beziehungsweise-systemisch.com\/index.php?rest_route=%2Fwp%2Fv2%2Fmedia&parent=339"}],"curies":[{"name":"wp","href":"https:\/\/api.w.org\/{rel}","templated":true}]}}